) = -9*v - 18. Let o(c) = -5*c - 9. Let s(m) = -6*b(m) + 11*o(m). Suppose -26*u + 3 = -24*u - 5*d, 27 = 3*u - 3*d. Let j be u*5/10*1. What is s(j)?
2
Let l = 47131 + -47129. Let o(p) = p**3 + p**2. Let i = -5 + 3. Let u(g) = -g**3 - 3*g**2 - 2*g. Let m(r) = i*o(r) - u(r). Calculate m(l).
0
Suppose -9*a = 12*a - 77 - 196. Let o(c) be the second derivative of c**3/6 - 17*c**2/2 + c. Calculate o(a).
-4
Suppose 0 = 23*n - 39 - 7. Let u(g) = -n*g**3 + 28*g**2 + 5 + 2 - 3 - 5*g - 58*g**2 + 34*g**2. What is u(3)?
-29
Suppose 2773*m - 2696*m - 154 = 0. Let q(s) = -s**3 + 2*s**2 + s + 1. Calculate q(m).
3
Let a = -262 + 268. Let h(j) = 13*j + 21 + 7*j + a*j - 28*j. Give h(10).
1
Let p(w) = -309*w - 217. Let q(u) = -56*u - 2. Let d(j) = -p(j) + 5*q(j). Calculate d(-7).
4
Let q(y) = -9*y**3 - 24*y**2 - 32*y + 14. Let m(d) = -13*d**3 - 36*d**2 - 46*d + 20. Let x(k) = -5*m(k) + 7*q(k). Calculate x(-6).
-38
Let d(q) = q**2 + 6 + q - 5 - 4*q**3 + q. Let p(y) = -3*y + 5. Let m be p(0). Suppose -3*b - 1 = -m*a, 6 = -2*a - 2*a - b. Calculate d(a).
4
Suppose 4*y - 60 = 4*r, -4*r - 5*y - 42 = -0*r. Let d(f) = 37*f + 481. What is d(r)?
0
Let m(t) = 26*t**2 + 2*t - 1. Let d be m(1). Suppose -4*r = 7 - d. Let y(c) = c**2 - 3*c - 4. Give y(r).
6
Suppose 0*g + 2*g = 3*t - 39, 4*t + 5*g = 29. Let a(x) = -320*x**3 + 161*x**3 - x + 158*x**3 - t. What is a(0)?
-11
Let n(p) = 0*p + 6 + 0 - 3*p + 4. Let f be 1*(-2 + (-1 - -3)). Suppose 5*d + m = 32, 2*m - 8 = -2*d - f*m. Determine n(d).
-11
Suppose -y - d = -6, -5*y + 4*d - 137 = -185. Let k(o) = o**2 - 12*o + 34. Calculate k(y).
2
Let q(j) = -24*j**3 - 3*j - 1. Let t(n) = -71*n**3 + 6*n**2 - 7*n + 10. Let i(c) = -3*q(c) + t(c). Calculate i(-6).
1
Let p be (-4)/10 + 9/((-135)/(-21)). Let h(f) = -20*f**2 - 1. Give h(p).
-21
Suppose -4*k + 200 = 184. Suppose -2*p - 3 + 0 = 3*n, 5*p = -k*n - 11. Let v be 0*6/(-12)*n. Let i(l) = l. Determine i(v).
0
Let z be (-185)/(-15) - (-35)/(-15). Let t(o) = -2*o + 18. Determine t(z).
-2
Let b(c) = -2*c**2 + 21*c + 34. Let i be (-3)/(-4)*((-190)/(-12) - (-115)/690). Give b(i).
-2
Let x(z) be the second derivative of z**5/20 + 5*z**4/12 + z**3/6 + 9*z**2/2 - 4455*z. Calculate x(-5).
4
Let g = 6 + -5. Let m(z) = g + 30*z - 26*z - 4. Let v(i) = -i + 19. Let u be v(13). Determine m(u).
21
Let g(w) = -w**3 + 16*w**2 + w - 7. Let t(z) = 2*z**3 - 29*z**2 - 3*z + 13. Let k(c) = 5*g(c) + 3*t(c). Calculate k(8).
36
Let j(y) = y**3 + 7*y**2 + 7. Suppose -f = 4*s + 964, -3*s + 2*s + f = 236. Let r = 233 + s. Calculate j(r).
7
Let s(g) = 2*g**2 - 19*g - 25. Suppose 0 = -2*c + 2*o + 8, 0 = 29*o - 30*o + 7. Give s(c).
8
Suppose -158 + 38 = 20*y. Let s(v) = 10*v - 3. Let t(d) = -22*d + 7. Let l(h) = y*t(h) - 13*s(h). What is l(2)?
1
Let a(c) = -3*c - 1. Let j = 303 + -209. Let y = -112 - -17. Let t = j + y. Calculate a(t).
2
Suppose -4 = -2*v - 5*l, 4*v = 2*l + 204 - 148. Let d(p) = 1 - p**2 + 10*p + 6 + 8. Determine d(v).
-9
Let k(b) be the first derivative of -b**2 - 2 - 1/4*b**4 - b**3 - 2*b. Give k(-2).
-2
Let z(r) be the third derivative of 5*r**4/24 + 15*r**3/2 + 255*r**2 - 3*r - 5. Calculate z(-2).
35
Let w(p) = p**2 - 8*p - 2. Let x be (-60)/(-8) - 27/(-18). Let o = x - 3. Calculate w(o).
-14
Let r = -100 - -106. Let s(o) = 24 + 15 - 48 - r*o. What is s(-7)?
33
Suppose -4 = 2*s + 2*r, -2*s - 37*r + 39*r = -20. Suppose -4 = -4*f + 4. Let l(t) = 9*t - 5*t**f - s*t**2 + 8*t**2 + 2*t**2 + 9. What is l(-7)?
-5
Let m(z) = -2*z + 3. Suppose 0*o + 24 = 4*o. Let i = -4 + o. What is m(i)?
-1
Let s(r) = -10*r - 59. Let i(p) = -22*p - 70. Let y(u) = -2*i(u) + 5*s(u). What is y(-28)?
13
Let b(o) be the first derivative of -o**4/4 + 6*o**3 - 17*o**2/2 - 12*o + 1080. Determine b(17).
-12
Let u(j) = -2*j**2 + 187*j + 380. Let i be u(-2). Let z(a) = 2*a**3 + 2*a**2 + 20*a + 45. What is z(i)?
-3
Let b(k) = -8*k - 1. Let x(d) = -41*d + 11. Let v be (6 + -19 - -9)/4. Let o(n) = v*x(n) + 5*b(n). Determine o(8).
-8
Suppose 0 = -f - d - 6, 7*f - 2*f - 3*d = -30. Let s(w) = -5*w - 5. Let l(g) = g. Let c(h) = h - 11. Let v be c(5). Let k(a) = v*l(a) - s(a). Determine k(f).
11
Let q(g) = 10*g**3 - 2*g + 3. Let s be (-6)/10 - ((-720)/25)/18. Calculate q(s).
11
Let k(d) be the third derivative of d**4/8 + d**3/2 - 2*d**2. Let h be 50/4 - 14 - (-68)/(-8). Determine k(h).
-27
Let d(p) = -p**3 - 29*p**2 - 25*p + 80. Let f be d(-28). Let z(i) = -4*i**2 - 5*i. Calculate z(f).
-44
Suppose -26*x - 13 = 2*m - 23*x, 0 = m - 5*x + 13. Let n(r) = 11*r - 44. Let v(q) = 7*q - 29. Let c(a) = m*v(a) + 5*n(a). Give c(10).
2
Let b(w) = -17*w**2 + 39*w + 8. Let t(x) = 32*x**2 - 72*x - 14. Let a(r) = 11*b(r) + 6*t(r). Determine a(-3).
58
Let j(r) be the second derivative of -r**4/6 - 17*r**3/6 - 7*r**2 + 1179*r. What is j(-8)?
-6
Suppose 0 = -3*y - 13*y + 816. Let l(j) = y*j - 2*j**2 + 3*j**2 - 47*j - 8. Give l(-7).
13
Let s be 18/(-3) - 80/(-10). Suppose -4*a = -7*a - 5*u - 5, -a - 3 = s*u. Let v(j) = j**3 - 4*j**2 + j - 1. Give v(a).
29
Let q be ((-1)/(-2))/((-109)/4578). Let h(f) = -f**3 - 21*f**2 - f - 8. What is h(q)?
13
Let k(r) = -r**3 + 3*r**2 + 2*r - 1. Let u be k(3). Let s(o) = o**2 - u*o**2 - o + 6 + 3*o**2 + o**3. Let i(b) = 214*b - 2568. Let l be i(12). What is s(l)?
6
Let b(n) = -7*n. Let x be 39/(-15) + (-4)/10. Let s(p) = 5*p - 1. Let u(y) = x*s(y) - 2*b(y). Calculate u(-2).
5
Let f(h) = h**2 + 8*h + 15. Let y(l) = l**2 - 6*l + 23. Let u be y(10). Suppose -39*i + 168 = -u*i. Give f(i).
8
Suppose 2*g + l = 222, 3*g - 136 - 188 = 3*l. Let f = -102 + g. Let n(q) = -f*q + q + 7 + 11*q - 6*q. Determine n(7).
-7
Let z(o) = -4*o + 15. Suppose y = 4*k - 17, 13*y - 5*k + 90 = -2*y. Calculate z(y).
35
Let s = -28 - -3. Let p = s + 27. Let a(b) = 1 + 138*b - b**p + 2*b**2 - 140*b. What is a(2)?
1
Let p(c) = c**3 + 7*c**2 + 7*c - 3. Suppose 0 = -4*u - 5*y + 5, 0 = -3*u + 6*u - 4*y - 27. Let i be -12*(44/8 - u). Give p(i).
-9
Let w(v) = 21*v + 2*v + 111 - 129. Let o be w(1). Let c(y) = -y**3 + 4*y**2 + y. What is c(o)?
-20
Suppose -2*x + 0 = 67 + 1. Let l(q) = q**3 + 34*q**2 + q + 28. Determine l(x).
-6
Let o(t) = t - 1. Let u(p) = 10*p**3 + 2*p**2 - p - 3. Let m = -39 + 37. Let n be u(m). Let q = -73 - n. What is o(q)?
-1
Let v(b) = b**3 - 11*b**2 + 8*b + 8. Let l(g) = 2*g**3 - 21*g**2 + 16*g + 15. Let q(s) = 3*l(s) - 5*v(s). What is q(7)?
12
Let d(f) = -4*f + 6*f - f - 3. Let z be (-124)/31 + 2*6. Suppose 5*k + 4*a = 18, -5*k - 5*a - 33 = -z*k. Give d(k).
3
Let q(s) be the first derivative of -27*s**2/2 + 11*s - 3082. Calculate q(-5).
146
Let t(a) = -7*a**2 - 140*a + 153. Let s be t(-21). Let d(z) = z - 63. Determine d(s).
-57
Suppose -5*w - c - 118 = 0, 5*w + 10*c + 175 = 30. Let f(r) = -11*r - 252. Determine f(w).
1
Suppose 0*h + 5*h + 9 = c, -4*h = -5*c + 24. Suppose 4*f - 2*v = 34, 6*f - 5*f + c*v = 22. Let o(r) = f*r - 1 - 4*r + 19*r. Determine o(1).
24
Suppose 4*a - 38 = -2*o, -5*o - 8*a + 3*a + 70 = 0. Let y(r) = -3*r + 46. Give y(o).
19
Let f(n) = n**2 + 5*n. Let o(i) = 7*i. Let j(u) = 4*u. Let c be 6/4*-2 - (-18)/3. Let b(d) = c*o(d) - 5*j(d). Let k(t) = 5*b(t) - f(t). Determine k(0).
0
Let c(a) = -4*a**2 - 7*a - 4. Let s(m) = 11*m**2 + 21*m + 13. Let i(h) = 8*c(h) + 3*s(h). Let f(w) = w**3 - 11*w**2 + 10*w + 65. Let u be f(9). Calculate i(u).
7
Let o be 4 + (-6)/(-1 - -7). Let r(x) = -2*x**3 + 4*x + 8*x**3 + 3 - 6*x**o + x**2 + x**3 + 2*x**3. Determine r(-1).
-3
Let b(w) = -12*w**3. Let d = 2323 + -2322. Determine b(d).
-12
Let u = -105 + 105. Let m(d) = 7*d - 17*d - 1 + u. Give m(-2).
19
Suppose -2*c + 1 = 6*f - 7*f, -4*f + 18 = 3*c. Let y(v) be the second derivative of 0 + 1/6*v**4 + 2*v - v**2 + 1/3*v**3. Determine y(c).
10
Let y(q) = -4 - 7*q + q**2 + 0*q - 3*q**2 + q**2. Suppose 52 - 160 = 4*t. Let m = t - -21. Determine y(m).
2
Let u(r) = -r**3 + 5*r**2 + r - 4. Let s = -25 - -23. Let h = -21 + 21. Let a be h + (-4)/s + 3. Give u(a).
1
Let c(i) = -i**2 + 8*i - 10. Suppose 6*a - 4 + 4 = 0. Suppose 2*q + 4*n - 2*n - 80 = 0, 5*n - 20 = a. Let t = q - 29. Determine c(t).
-3
Suppose -1337*d + 1334*d - 9 = 0. Let m(n) = -n**2 - 15*n - 55. Let c be m(d). Let h(x) = x**3 + 18*x**2 - 19*x + 1. Calculate h(c).
1
Let j(n) = 4*n + 6. Let k(x) = x. Let m(l) = j(l) - 6*k(l). Let y(g) = 5*g - 55. Let w be y(11). Suppose 0 = h - w*h 